5 = r, 615 = 5*x + 2*c. Suppose b = 66 + x. Is b composite?
False
Let m be (-11 - -10)/(1/(-2)). Suppose 0*o - 2 = m*o, -l + 1 = 2*o. Suppose -3*h = l*j - 12 - 96, 4*j - h = 149. Is j a composite number?
False
Is (6233 + 4 - -3) + (-1 - -4) a prime number?
False
Let z(v) = -v**3 - 8*v**2 - 6*v - 112. Is z(-29) a prime number?
False
Let m(r) = -22769*r**3 - r**2 + 27*r + 28. Is m(-1) a prime number?
True
Let x(y) = 0 - 39*y - 11 + 4. Is x(-4) a prime number?
True
Let u(f) = f**3 - 7*f**2 + 3*f + 3. Let w be u(6). Is (1086/(-8))/(w/140) a composite number?
True
Is ((-260)/10)/(-2) - -22756 composite?
False
Suppose -730 = -4*a + 2*y - 4*y, 0 = 5*a - 5*y - 935. Suppose -a*t + 182*t = -366. Is t a prime number?
False
Suppose 4*u = v - 1708, 600 = -2*v + 2*u + 4004. Let r = -947 + v. Is r composite?
True
Suppose 5*x - 101837 = 4*k, -5*k = 5*x - 2*x - 61080. Is x prime?
False
Suppose -3*w = -12, -622 - 2342 = 2*c + 5*w. Let t = c - -3134. Is t a composite number?
True
Let c(h) = 24*h**2 + 7*h + 6. Let a be (190/40)/(1/4). Let j = 14 - a. Is c(j) prime?
True
Is (1/2 - 66747/(-38)) + 2 a composite number?
False
Let d be 201/(-6)*-32 - 3. Let p = 188 + d. Is p/2*2/3 composite?
False
Let x = -5582 + 20217. Is x a composite number?
True
Is (-989)/(-2 + 2 + -1) a composite number?
True
Let m be 3 + 26/6*69. Suppose 2*d + 4*v = m, 0 = d - 4*v - 39 - 142. Is d composite?
True
Is 4397 + (-3 - (-10)/2) prime?
False
Suppose 0*r + 5*r - 15 = 0, 0 = -2*t + 3*r - 9. Suppose t = -3*s + 4*u + 44, 2*s + 3*s - 50 = 2*u. Suppose 595 = -s*h + 13*h. Is h a prime number?
False
Let x = 178 + -101. Is x composite?
True
Let x = -27 - -61. Let k = x - 100. Let c = 3 - k. Is c a composite number?
True
Let g(t) = t + 22. Let h be g(0). Let n be 6/(-12) - h/4. Let o(p) = p**3 + 5*p**2 - 8*p - 6. Is o(n) a composite number?
True
Let m(q) = 68*q - 11. Let r(b) = -20*b**2 + 3*b - 2. Let s be r(1). Let j = s + 27. Is m(j) composite?
True
Suppose 5*t - 1143 = 32. Let j = t - 78. Is j composite?
False
Let f = -16 + 19. Suppose 2*j - 3*t = -3*j + 6, f*t = -3*j + 18. Suppose 11 = j*q - 28. Is q a composite number?
False
Suppose 0 = 4*d - 0*x - x - 20, -d + 24 = -5*x. Suppose -d*q = -21 - 755. Is q prime?
False
Let w be (-7213)/7 + 2*(-6)/(-28). Let z = w - -1533. Is z prime?
True
Let g(w) = -2*w**3 + 5*w**2 - 6*w + 4. Let f be g(2). Is 383/(f/(-1*12)) prime?
False
Let w be (-40)/22 - (-4)/(-22). Let a be 235/25 - w/(-5). Is ((-1482)/a)/((-2)/3) a prime number?
False
Suppose -16*r + 107 = -5. Suppose 1004 = -3*k + r*k. Is k prime?
True
Is (-6 - (3 + -4)) + (2 - -3310) a composite number?
False
Suppose 2*v - 5*o - 64495 = -15065, 4*v = -3*o + 98860. Is v composite?
True
Let k(w) be the third derivative of w**7/1260 - w**6/90 + 7*w**5/120 - 7*w**4/24 + 4*w**2. Let p(o) be the second derivative of k(o). Is p(-8) prime?
True
Let k be (3 - -11)*(1 + -2). Let g = k + 12. Is ((-1)/g)/(13/8762) a composite number?
False
Let c = -56 + -142. Let f = c - -277. Is f a prime number?
True
Suppose 29 = -t - 2*h - 3*h, -26 = 4*t + 2*h. Let g = -5 - t. Let q = 4 + g. Is q composite?
False
Suppose 4*m - 5*k - 12 = 0, -m + k + 4*k + 3 = 0. Suppose i = 4*s - 14, -4*i + 6 = -7*i + m*s. Is 6/(-4) - (-1273)/i a composite number?
True
Suppose 38*h - 32*h - 222 = 0. Is h a prime number?
True
Suppose 5*k - 95342 = -3*b, -19074 = k - 2*k - 2*b. Is k composite?
True
Let p(o) = -o**3 + 26*o**2 - 20*o + 16. Suppose 81 + 69 = 10*t. Is p(t) a prime number?
False
Let g(x) = -20*x**2 + 2*x + 14. Let c(b) = -10*b**2 + b + 7. Let n(h) = -13*c(h) + 6*g(h). Is n(-2) composite?
True
Let i be (3/((-3)/(-2)) + 2)*-2. Is -10*(-5)/((-5)/i) - -3 prime?
True
Suppose 4*t - 2004 = 2*s, -17*t + 14*t = s - 1508. Is t a composite number?
True
Let u = 12594 - -16195. Is u a composite number?
False
Let z be -3 - ((3/1 - 0) + -6). Let g be (2/1)/2 + 52. Suppose -2*f + f + g = z. Is f composite?
False
Is (-17)/68*(-2 + -225714) - -6 prime?
False
Let x = -603 - -986. Is x prime?
True
Let h be 8*-6*(-4)/(-16). Is 3/12 + (-825)/h a composite number?
True
Let k(z) be the second derivative of -z**5/20 - 23*z**4/12 - 25*z**3/6 + 11*z**2/2 + 25*z. Is k(-22) composite?
True
Let g = -9517 + 13704. Is g composite?
True
Is -3 + -5 + 138670/10 a composite number?
False
Let l be ((-24)/(-42))/((-6)/(-21)). Suppose -s = 2, -3*n = s + l*s - 375. Is n prime?
True
Let b(k) = 62*k**3 + 2*k**2 - 2*k + 1. Let s be b(1). Suppose -8*x + 14*x = 48. Suppose 4*z + s = f, -2*f - 3*z = -x*z - 129. Is f composite?
False
Let x(r) = -r + 21. Let f be x(11). Is 1024/5 + 2/f composite?
True
Let m be (35/(-10))/(2/(-6756)). Suppose 4*f + m = 3*c, 3*c = c - 3*f + 7882. Is c prime?
False
Let v = 10380 + -5119. Is v composite?
False
Is 46834/22 - 24/(-132) a composite number?
False
Suppose 3*w - 19 = -2*s + 4*s, 4*s - 4*w + 28 = 0. Is -2 + 23*(-34)/s a composite number?
False
Suppose 0 = -5*c - a + 3*a + 33, -2*c + 2*a = -18. Suppose -x - x - c*w = -10, -4*x = w - 2. Suppose 5*b - 3*l + x*l = 1294, 266 = b - 3*l. Is b prime?
True
Let z = 3190 - -34143. Is z a prime number?
False
Let k(c) = -10*c + 106. Is k(0) a prime number?
False
Suppose 7*r = 4495 - 197. Let n = r - 409. Is n composite?
True
Suppose 1 + 0 = -c. Let h(f) = -688*f - 3. Is h(c) a prime number?
False
Suppose w + 3*w = 60. Is (-5)/(-2)*3582/w a composite number?
True
Let d be 3 - ((-2 - -6) + 8/(-2)). Suppose -m = u - 951, -4*u = -d*m + 898 + 1969. Is m a composite number?
False
Let u(a) = 391*a**3 + 2*a**2 - 4*a + 5. Is u(2) a prime number?
False
Let b(g) be the second derivative of -2*g - 7*g**2 + 2*g**3 + 13/12*g**4 - 1/20*g**5 + 0. Is b(12) a composite number?
True
Let n(j) = -j**3 + 2*j**2 - 3*j - 2. Suppose -5*k + 6*k + 4 = 0. Let q be n(k). Suppose -2*z + q = -0*z. Is z a composite number?
False
Let y(f) = -19*f**2 - 2*f - 9. Let x be y(-2). Let m = 1124 + x. Is m a prime number?
False
Suppose -976*a = -993*a + 95591. Is a a prime number?
True
Let v(p) = -p**2 + 6*p + 3. Let c be v(7). Suppose -42*i + 5175 = -4695. Is (-3 - i/c)*4 prime?
True
Suppose -69831 - 69398 = -3*x - 5*y, -3*y = -x + 46433. Is x composite?
True
Let u = -5593 + 3059. Let p = u - -4693. Is p a composite number?
True
Let l be 2 - (-3 + 2 + 3). Suppose 12 = -l*t + 3*t. Suppose -6*w + t*w = -94. Is w composite?
False
Let i be (36/3 - 4)/(-2). Let f be i*2/(-4) - 4. Is (235/2)/(f/(-4)) composite?
True
Suppose 0 = -3*d + 6. Let t = 731 + -729. Suppose 3*h - 133 = -d*j, 0*h + 187 = 3*j + t*h. Is j composite?
False
Let p(z) = -21*z**3 + 2*z**2 + 4*z + 5. Let x be p(-3). Suppose -3*l - x = -5*l. Is l composite?
True
Let y = -1241 + 1500. Is y a prime number?
False
Let n be -5 + 9/((-9)/(-4)). Let s = n - -1. Is (-1320)/(-20) + (s - 1) composite?
True
Suppose 9*i = 40248 + 1098. Is i prime?
False
Suppose 4*y - 2 = -18, -2*z = 3*y - 18590. Is z a composite number?
True
Suppose 0 = 9*s - 2*s - 210. Is 108/s - 4 - 5187/(-5) prime?
False
Suppose 53*j - 71*j + 123102 = 0. Is j a prime number?
False
Suppose -12 = 3*p, -p = -5*b - 5*p + 49804. Suppose 4 = -2*i, -x - b = -3*x - 5*i. Is x a prime number?
True
Let m = 8312 - 5622. Let i = m - 897. Is i a prime number?
False
Let i(j) = -8*j + 15. Let a be i(3). Is 2/6 - 11868/a composite?
False
Let c = -27903 - -39766. Is c prime?
True
Suppose -14 = 3*h - 10*h. Suppose 6908 = 2*r + 2*k, 3*r + h*r - k - 17240 = 0. Is r prime?
True
Let j(u) = 635*u**2 - 68*u + 2. Is j(-3) a composite number?
True
Suppose -13 = -3*r - 4. Let b(a) = 56*a**2 + 2*a + 7. Is b(r) a composite number?
True
Let n(x) = 21*x - 9. Let w be n(1). Let v(s) = 2*s**3 - 15*s**2 + 21*s + 13. Is v(w) prime?
False
Let f(j) = -j**2. Let d(w) = 18*w**3 - w**2 - 7*w + 8. Let s(u) = d(u) + 2*f(u). Is s(3) prime?
False
Let u(s) = -2*s**2 + 9*s - 2. Let f be u(4). Is (4012/8)/(f/4) a composite number?
True
Suppose 3*w = 2*w + 5. Let i(t) = -t**3 + 4*t**2 - t + 5. Let n be i(w). Let b = n - -144. Is b a prime number?
False
Let u = 20 - 17. Suppose b - 120 = m + 2*m, b - 132 = -u*m. Let v = b + -71. Is v composite?
True
Suppose v = 3*s + 559, 14*s = 16*s + 3*v + 391. Suppose -3*q = -3*w + 762 + 1728, -w = -5*q - 834. Let m = w + s. Is m prime?
True
Let x be 2*(2*-1 + 3). Suppose 21*i - 5374 = -4*f + 18*i, 5*i - 4025 = -3*f. Suppose -f = -x*s -